{"id":11,"date":"2022-08-18T22:50:40","date_gmt":"2022-08-18T22:50:40","guid":{"rendered":"https:\/\/toulouseweb.com.br\/3e\/?page_id=11"},"modified":"2022-08-22T17:19:36","modified_gmt":"2022-08-22T17:19:36","slug":"sobre","status":"publish","type":"page","link":"https:\/\/toulouseweb.com.br\/3e\/sobre\/","title":{"rendered":"Sobre"},"content":{"rendered":"<p>[vc_row color=&#8221;color4&#8243; bg_color=&#8221;&#8221;][vc_column width=&#8221;1\/2&#8243;]<h2 class=\"ish-sc-element ish-sc_headline\">SOBRE A 3e CONSULTING<\/h2><div class=\"ish-sc-element ish-sc_divider\"><\/div><div class=\"ish-sc-element ish-sc_divider\"><\/div>[vc_column_text]Somos pessoas absolutamente apaixonadas por clientes!!!<\/p>\n<p>Somos apaixonados, n\u00e3o apenas porque nossa expertise t\u00e9cnica e nossos servi\u00e7os criam relacionamentos duradouros, saud\u00e1veis e lucrativos entre empresas e clientes&#8230;<\/p>\n<p>Somos apaixonados, porque tamb\u00e9m fazemos parte deste grupo! N\u00f3s, nossos familiares, amigos, vizinhos, colegas do futebol&#8230;<\/p>\n<p>Somos uma consultoria que une excel\u00eancia t\u00e9cnica e conhecimento multiplataformas ao dinamismo e \u00e0 simplicidade necess\u00e1rios para se adaptar rapidamente e ajudar nossos PARCEIROS de neg\u00f3cio a encontrarem as melhores solu\u00e7\u00f5es para surfar as ondas do mercado![\/vc_column_text][\/vc_column][vc_column width=&#8221;1\/2&#8243;]<div class=\"ish-sc-element ish-sc_image ish-fullwidth\"><img width=\"1199\" height=\"1012\" src=\"https:\/\/toulouseweb.com.br\/3e\/wp-content\/uploads\/2022\/08\/SOBRE_NOS.jpg\" class=\"attachment-full size-full\" alt=\"\" loading=\"lazy\" srcset=\"https:\/\/toulouseweb.com.br\/3e\/wp-content\/uploads\/2022\/08\/SOBRE_NOS.jpg 1199w, https:\/\/toulouseweb.com.br\/3e\/wp-content\/uploads\/2022\/08\/SOBRE_NOS-300x253.jpg 300w, https:\/\/toulouseweb.com.br\/3e\/wp-content\/uploads\/2022\/08\/SOBRE_NOS-1024x864.jpg 1024w, https:\/\/toulouseweb.com.br\/3e\/wp-content\/uploads\/2022\/08\/SOBRE_NOS-768x648.jpg 768w, https:\/\/toulouseweb.com.br\/3e\/wp-content\/uploads\/2022\/08\/SOBRE_NOS-1170x988.jpg 1170w, https:\/\/toulouseweb.com.br\/3e\/wp-content\/uploads\/2022\/08\/SOBRE_NOS-571x482.jpg 571w, https:\/\/toulouseweb.com.br\/3e\/wp-content\/uploads\/2022\/08\/SOBRE_NOS-371x313.jpg 371w, https:\/\/toulouseweb.com.br\/3e\/wp-content\/uploads\/2022\/08\/SOBRE_NOS-271x229.jpg 271w\" sizes=\"(max-width: 1199px) 100vw, 1199px\" \/><\/div>[\/vc_column][\/vc_row][vc_row color=&#8221;color4&#8243; bg_color=&#8221;&#8221;][vc_column width=&#8221;1\/1&#8243;]<div class=\"ish-sc-element ish-sc_image ish-left\"><img width=\"216\" height=\"9\" src=\"https:\/\/toulouseweb.com.br\/3e\/wp-content\/uploads\/2022\/08\/barra.jpg\" class=\"attachment-full size-full\" alt=\"\" loading=\"lazy\" srcset=\"https:\/\/toulouseweb.com.br\/3e\/wp-content\/uploads\/2022\/08\/barra.jpg 216w, https:\/\/toulouseweb.com.br\/3e\/wp-content\/uploads\/2022\/08\/barra-200x9.jpg 200w\" sizes=\"(max-width: 216px) 100vw, 216px\" \/><\/div>[vc_separator color=&#8221;white&#8221;]<h2 class=\"ish-sc-element ish-sc_headline ish-left\">META<\/h2>[vc_column_text]Rentabilizar ao m\u00e1ximo o neg\u00f3cio de nossos clientes, trazendo solu\u00e7\u00f5es otimizadas e perspectivas diferenciadas, somando expertise, senso cr\u00edtico e tecnologia.<\/p>\n<p>Seremos a primeira escolha de nossos parceiros para apoia-los na otimiza\u00e7\u00e3o e execu\u00e7\u00e3o de suas atividades e processos.[\/vc_column_text]<div class=\"ish-sc-element ish-sc_image ish-left\"><img width=\"216\" height=\"9\" src=\"https:\/\/toulouseweb.com.br\/3e\/wp-content\/uploads\/2022\/08\/barra.jpg\" class=\"attachment-full size-full\" alt=\"\" loading=\"lazy\" srcset=\"https:\/\/toulouseweb.com.br\/3e\/wp-content\/uploads\/2022\/08\/barra.jpg 216w, https:\/\/toulouseweb.com.br\/3e\/wp-content\/uploads\/2022\/08\/barra-200x9.jpg 200w\" sizes=\"(max-width: 216px) 100vw, 216px\" \/><\/div>[vc_separator color=&#8221;white&#8221;]<h2 class=\"ish-sc-element ish-sc_headline ish-left\">EXPECTATIVA<\/h2>[vc_column_text]Solidificar os la\u00e7os com todos os nossos parceiros, propondo a consolida\u00e7\u00e3o do neg\u00f3cio e consequentemente o aumento da visibilidade de seus produtos.<\/p>\n<p>Nossa raz\u00e3o de existir \u00e9 contribuir para o aumento da Rentabilidade dos nossos parceiros![\/vc_column_text]<div class=\"ish-sc-element ish-sc_image ish-left\"><img width=\"216\" height=\"9\" src=\"https:\/\/toulouseweb.com.br\/3e\/wp-content\/uploads\/2022\/08\/barra.jpg\" class=\"attachment-full size-full\" alt=\"\" loading=\"lazy\" srcset=\"https:\/\/toulouseweb.com.br\/3e\/wp-content\/uploads\/2022\/08\/barra.jpg 216w, https:\/\/toulouseweb.com.br\/3e\/wp-content\/uploads\/2022\/08\/barra-200x9.jpg 200w\" sizes=\"(max-width: 216px) 100vw, 216px\" \/><\/div>[vc_separator color=&#8221;white&#8221;]<h2 class=\"ish-sc-element ish-sc_headline ish-left\">PROP\u00d3SITO<\/h2>[vc_column_text]Mais que clientes, o que nos gratifica \u00e9 ter PARCEIROS. O sucesso de um projeto \u00e9 a soma dos esfor\u00e7os, \u00e9 acreditar que tudo pode ser feito de uma forma diferente \u2013 a MELHOR FORMA![\/vc_column_text][\/vc_column][\/vc_row]<\/p>\n","protected":false},"excerpt":{"rendered":"<p>[vc_row color=&#8221;color4&#8243; bg_color=&#8221;&#8221;][vc_column width=&#8221;1\/2&#8243;][vc_column_text]Somos pessoas absolutamente apaixonadas por clientes!!! Somos apaixonados, n\u00e3o apenas porque nossa expertise t\u00e9cnica e nossos servi\u00e7os criam relacionamentos duradouros, saud\u00e1veis e lucrativos entre empresas e clientes&#8230; Somos apaixonados, porque tamb\u00e9m fazemos parte deste grupo! N\u00f3s, nossos familiares, amigos, vizinhos, colegas do futebol&#8230; Somos uma consultoria que une excel\u00eancia t\u00e9cnica e conhecimento [&hellip;]<\/p>\n","protected":false},"author":1,"featured_media":0,"parent":0,"menu_order":0,"comment_status":"closed","ping_status":"closed","template":"","meta":{"om_disable_all_campaigns":false,"_mi_skip_tracking":false},"aioseo_notices":[],"_links":{"self":[{"href":"https:\/\/toulouseweb.com.br\/3e\/wp-json\/wp\/v2\/pages\/11"}],"collection":[{"href":"https:\/\/toulouseweb.com.br\/3e\/wp-json\/wp\/v2\/pages"}],"about":[{"href":"https:\/\/toulouseweb.com.br\/3e\/wp-json\/wp\/v2\/types\/page"}],"author":[{"embeddable":true,"href":"https:\/\/toulouseweb.com.br\/3e\/wp-json\/wp\/v2\/users\/1"}],"replies":[{"embeddable":true,"href":"https:\/\/toulouseweb.com.br\/3e\/wp-json\/wp\/v2\/comments?post=11"}],"version-history":[{"count":14,"href":"https:\/\/toulouseweb.com.br\/3e\/wp-json\/wp\/v2\/pages\/11\/revisions"}],"predecessor-version":[{"id":69,"href":"https:\/\/toulouseweb.com.br\/3e\/wp-json\/wp\/v2\/pages\/11\/revisions\/69"}],"wp:attachment":[{"href":"https:\/\/toulouseweb.com.br\/3e\/wp-json\/wp\/v2\/media?parent=11"}],"curies":[{"name":"wp","href":"https:\/\/api.w.org\/{rel}","templated":true}]}}